{"id":2,"date":"2024-06-05T13:24:47","date_gmt":"2024-06-05T13:24:47","guid":{"rendered":"https:\/\/anita-femowo-zirndorf.de\/?page_id=2"},"modified":"2024-06-27T05:36:33","modified_gmt":"2024-06-27T05:36:33","slug":"sample-page","status":"publish","type":"page","link":"https:\/\/anita-femowo-zirndorf.de\/?page_id=2","title":{"rendered":"Anfahrt"},"content":{"rendered":"\n<p class=\"has-white-background-color has-background has-medium-font-size\" id=\"<iframe-src=&quot;https:\/\/www.google.com\/maps\/embed?pb=!1m10!1m8!1m3!1d2594.8149245127506!2d10.9549304!3d49.4313129!3m2!1i1024!2i768!4f13.1!5e0!3m2!1sde!2sde!4v1718638253805!5m2!1sde!2sde&quot;-width=&quot;600&quot;-height=&quot;450&quot;-style=&quot;border:0;&quot;-allowfullscreen=&quot;&quot;-loading=&quot;lazy&quot;-referrerpolicy=&quot;no-referrer-when-downgrade&quot;&gt;<\/iframe&gt;\">So finden Sie uns: <br><a href=\"https:\/\/maps.app.goo.gl\/Ztjh751hDUDsz5Uf7\" data-type=\"page\" data-id=\"2\">Anfahrt<\/a><\/p>\n\n\n\n<p class=\"has-black-color has-cyan-bluish-gray-background-color has-text-color has-background has-link-color has-medium-font-size wp-elements-5fc7e8cb9ac0d8d032b156b2b2ced789\">Von M\u00fcnchen her kommend: Autobahnabzweigung Feucht \u2013 Richtung Hafen F\u00fcrth, S\u00fcd-West-Tangente Ausfahrt N\u00fcrnberg-Kleinreuth in Richtung Zirndorf\/ Gro\u00dfhabersdorf nach 4 km links in die Oberasbacher Stra\u00dfe Von W\u00fcrzburg her kommend: Autobahn F\u00fcrth\/Erlangen \u00fcber Frankenschnellweg, Ausfahrt N\u00fcrnberg-West \u2013 Rothenburger Stra\u00dfe in Richtung Zirndorf \/Gro\u00dfhabersdorf nach 4 km links in die Oberasbacher Stra\u00dfe Von Berlin her kommend: Autobahn N\u00fcrnberg-Kreuz &#8211; Richtung Ansbach\/Heilbronn, ab Kreuz N\u00fcrnberg-S\u00fcd &#8211; Richtung Hafen\/F\u00fcrth, Ausfahrt N\u00fcrnberg-Kleinreuth in Richtung Zirndorf\/Gro\u00dfhabersdorf nach 4 km links in die Oberasbacher Stra\u00dfe<\/p>\n","protected":false},"excerpt":{"rendered":"<p>So finden Sie uns: Anfahrt Von M\u00fcnchen her kommend: Autobahnabzweigung Feucht \u2013 Richtung Hafen F\u00fcrth, S\u00fcd-West-Tangente Ausfahrt N\u00fcrnberg-Kleinreuth in Richtung Zirndorf\/ Gro\u00dfhabersdorf nach 4 km links in die Oberasbacher Stra\u00dfe Von W\u00fcrzburg her kommend: Autobahn F\u00fcrth\/Erlangen \u00fcber Frankenschnellweg, Ausfahrt N\u00fcrnberg-West \u2013 Rothenburger Stra\u00dfe in Richtung Zirndorf \/Gro\u00dfhabersdorf nach 4 km links in die Oberasbacher Stra\u00dfe [&hellip;]<\/p>\n","protected":false},"author":1,"featured_media":0,"parent":0,"menu_order":0,"comment_status":"closed","ping_status":"open","template":"","meta":{"footnotes":""},"class_list":["post-2","page","type-page","status-publish","hentry","post"],"_links":{"self":[{"href":"https:\/\/anita-femowo-zirndorf.de\/index.php?rest_route=\/wp\/v2\/pages\/2","targetHints":{"allow":["GET"]}}],"collection":[{"href":"https:\/\/anita-femowo-zirndorf.de\/index.php?rest_route=\/wp\/v2\/pages"}],"about":[{"href":"https:\/\/anita-femowo-zirndorf.de\/index.php?rest_route=\/wp\/v2\/types\/page"}],"author":[{"embeddable":true,"href":"https:\/\/anita-femowo-zirndorf.de\/index.php?rest_route=\/wp\/v2\/users\/1"}],"replies":[{"embeddable":true,"href":"https:\/\/anita-femowo-zirndorf.de\/index.php?rest_route=%2Fwp%2Fv2%2Fcomments&post=2"}],"version-history":[{"count":13,"href":"https:\/\/anita-femowo-zirndorf.de\/index.php?rest_route=\/wp\/v2\/pages\/2\/revisions"}],"predecessor-version":[{"id":219,"href":"https:\/\/anita-femowo-zirndorf.de\/index.php?rest_route=\/wp\/v2\/pages\/2\/revisions\/219"}],"wp:attachment":[{"href":"https:\/\/anita-femowo-zirndorf.de\/index.php?rest_route=%2Fwp%2Fv2%2Fmedia&parent=2"}],"curies":[{"name":"wp","href":"https:\/\/api.w.org\/{rel}","templated":true}]}}