{"id":5,"date":"2024-06-05T11:35:27","date_gmt":"2024-06-05T11:35:27","guid":{"rendered":"https:\/\/anita-femowo-zirndorf.de\/willkommen-auf-https-anita-femowo-zirndorf-de\/"},"modified":"2024-06-27T05:36:34","modified_gmt":"2024-06-27T05:36:34","slug":"willkommen-auf-https-anita-femowo-zirndorf-de","status":"publish","type":"page","link":"https:\/\/anita-femowo-zirndorf.de\/","title":{"rendered":"Willkommen bei Anitas Ferienwohnung"},"content":{"rendered":"\n<p><\/p>\n\n\n\n<p class=\"has-medium-font-size\"><strong>Monteur\/Ferienwohnung mit 100 qm Wohnfl\u00e4che<br>und Balkon im EG eines Mehrfamilienhauses<br>(neu renoviert 2015)<\/strong><br><br><strong>Ausstattung:<\/strong><br>1 Schlafzimmer mit Doppelbett<br>1 Schlafzimmer mit 3 getrennten Betten (je 1 m)<br>1 Schlafzimmer mit extrabreitem Bett (1,40 m &#8211; 1Person oder 2 Kinder)<br>Wohnzimmer mit gro\u00dfem Esstisch f\u00fcr 6 Personen und Ecksofa<br>komplett eingerichtete K\u00fcche mit kleinem Tisch und 2 St\u00fchlen<br>Badezimmer mit Dusche &amp; Waschmaschine<br>2 getrennte WC\u00b4s<br>Balkon mit M\u00f6bel; Grill zur Nutzung vorhanden<br>SAT-TV, Radio und kostenloses WLAN<br>3 PKW-Stellplatz<br>Parkplatz f\u00fcr LKW bis 7,5t bzw. Transporter auf dem Nachbargel\u00e4nde nach<br>Absprache und Einweisung m\u00f6glich<br>Nichtraucherwohnung<br>Hund: nach Absprache<\/p>\n\n\n<div\n\t\t\t\n\t\t\tclass=\"so-widget-sow-slider so-widget-sow-slider-default-6d39609536fd\"\n\t\t\t\n\t\t>\t\t\t\t<div class=\"sow-slider-base\" style=\"display: none\" tabindex=\"0\">\n\t\t\t\t\t<ul\n\t\t\t\t\tclass=\"sow-slider-images\"\n\t\t\t\t\tdata-settings=\"{&quot;pagination&quot;:true,&quot;speed&quot;:400,&quot;timeout&quot;:8000,&quot;paused&quot;:false,&quot;pause_on_hover&quot;:false,&quot;swipe&quot;:true,&quot;nav_always_show_desktop&quot;:&quot;&quot;,&quot;nav_always_show_mobile&quot;:&quot;&quot;,&quot;breakpoint&quot;:&quot;780px&quot;,&quot;unmute&quot;:false,&quot;anchor&quot;:null}\"\n\t\t\t\t\t\t\t\t\t\tdata-anchor-id=\"\"\n\t\t\t\t><\/ul>\t\t\t\t<ol class=\"sow-slider-pagination\">\n\t\t\t\t\t\t\t\t\t<\/ol>\n\n\t\t\t\t<div class=\"sow-slide-nav sow-slide-nav-next\">\n\t\t\t\t\t<a href=\"#\" data-goto=\"next\" aria-label=\"Next slide\" data-action=\"next\">\n\t\t\t\t\t\t<em class=\"sow-sld-icon-thin-right\"><\/em>\n\t\t\t\t\t<\/a>\n\t\t\t\t<\/div>\n\n\t\t\t\t<div class=\"sow-slide-nav sow-slide-nav-prev\">\n\t\t\t\t\t<a href=\"#\" data-goto=\"previous\" aria-label=\"Previous slide\" data-action=\"prev\">\n\t\t\t\t\t\t<em class=\"sow-sld-icon-thin-left\"><\/em>\n\t\t\t\t\t<\/a>\n\t\t\t\t<\/div>\n\t\t\t\t<\/div><\/div>","protected":false},"excerpt":{"rendered":"<p>Monteur\/Ferienwohnung mit 100 qm Wohnfl\u00e4cheund Balkon im EG eines Mehrfamilienhauses(neu renoviert 2015) Ausstattung:1 Schlafzimmer mit Doppelbett1 Schlafzimmer mit 3 getrennten Betten (je 1 m)1 Schlafzimmer mit extrabreitem Bett (1,40 m &#8211; 1Person oder 2 Kinder)Wohnzimmer mit gro\u00dfem Esstisch f\u00fcr 6 Personen und Ecksofakomplett eingerichtete K\u00fcche mit kleinem Tisch und 2 St\u00fchlenBadezimmer mit Dusche &amp; Waschmaschine2 [&hellip;]<\/p>\n","protected":false},"author":1,"featured_media":0,"parent":0,"menu_order":0,"comment_status":"closed","ping_status":"open","template":"","meta":{"footnotes":""},"class_list":["post-5","page","type-page","status-publish","hentry","post"],"_links":{"self":[{"href":"https:\/\/anita-femowo-zirndorf.de\/index.php?rest_route=\/wp\/v2\/pages\/5","targetHints":{"allow":["GET"]}}],"collection":[{"href":"https:\/\/anita-femowo-zirndorf.de\/index.php?rest_route=\/wp\/v2\/pages"}],"about":[{"href":"https:\/\/anita-femowo-zirndorf.de\/index.php?rest_route=\/wp\/v2\/types\/page"}],"author":[{"embeddable":true,"href":"https:\/\/anita-femowo-zirndorf.de\/index.php?rest_route=\/wp\/v2\/users\/1"}],"replies":[{"embeddable":true,"href":"https:\/\/anita-femowo-zirndorf.de\/index.php?rest_route=%2Fwp%2Fv2%2Fcomments&post=5"}],"version-history":[{"count":7,"href":"https:\/\/anita-femowo-zirndorf.de\/index.php?rest_route=\/wp\/v2\/pages\/5\/revisions"}],"predecessor-version":[{"id":175,"href":"https:\/\/anita-femowo-zirndorf.de\/index.php?rest_route=\/wp\/v2\/pages\/5\/revisions\/175"}],"wp:attachment":[{"href":"https:\/\/anita-femowo-zirndorf.de\/index.php?rest_route=%2Fwp%2Fv2%2Fmedia&parent=5"}],"curies":[{"name":"wp","href":"https:\/\/api.w.org\/{rel}","templated":true}]}}